
Suppose -2*x = 5*h - 57, x - 33 = -0*x - 4*h. Suppose 0 = 4*y - 3*y - x. What is the units digit of y?
1
Let m(k) be the second derivative of k**5/20 - 7*k**4/12 - 7*k**3/6 + 6*k**2 - k. What is the tens digit of m(8)?
2
Let h(n) = 99*n - 5. What is the tens digit of h(1)?
9
Let o(s) = s**2 - 2*s. Let a(n) = n - 5. Let z(u) = -u - 1. Let b(k) = a(k) - 2*z(k). Let r be b(2). What is the units digit of o(r)?
3
Suppose 4*k + 99 = p, p - 5*k + 1 = 105. What is the units digit of p?
9
Let b = -70 - -102. What is the units digit of b?
2
What is the tens digit of (-595)/(-5) - (-1 + 1)/(-2)?
1
Let a(m) = 61*m - 3. Let w be a(3). Suppose 0 = -11*c + 6*c + w. What is the units digit of c?
6
Let f be 2/(-2) - (-4 - -16). Let o(a) = 3*a + 6. Let v be o(6). Let y = f + v. What is the units digit of y?
1
Let a be (2 - 5 - -2) + 9. Let f = a - -25. What is the units digit of f?
3
Suppose 2*v - 39 = 17. What is the tens digit of v?
2
Let h(r) = -5*r + 5*r + 20 + r**2. Let b be h(0). Suppose b = -2*p + 7*p, -s - 11 = -4*p. What is the units digit of s?
5
Suppose 0*m + 9 = 3*m. Let i = -8 + 13. Suppose -i = -5*g + r, -5*g = 2*r - m - 2. What is the units digit of g?
1
Let z(f) = 101*f**3 - f**2 + 1. What is the tens digit of z(1)?
0
Let l(h) = -7*h**3 - 2*h**2 + 2*h + 2. What is the units digit of l(-2)?
6
Let g(x) be the second derivative of -x**3/6 - x**2 + 4*x. What is the units digit of g(-5)?
3
Let z(x) = -x**2 + 4*x + 3. Let w be z(5). Let j = 9 + w. What is the units digit of j?
7
Suppose -3*s + 10 = 2*s. What is the units digit of (-182)/(-49) + s/7?
4
Suppose 2*w - 3 = 2*u - u, 3*w = 4*u - 13. Let v = 4 + u. Suppose v = z + 1. What is the units digit of z?
0
Let n(b) = b**3 - 6*b**2 + 8*b - 9. Let k be n(5). Suppose -x = -k*x + 120. What is the units digit of x?
4
Suppose -d - 5*j - 1 = 0, 0*j + 111 = 4*d - 3*j. What is the tens digit of d?
2
Suppose p = 5*p - 168. What is the tens digit of p?
4
Let y = -5 + -21. Let n = -16 - y. Suppose s - 3*i + 3 = 0, -5*s - 2*i = -n - 60. What is the units digit of s?
2
Suppose 0 = -z - 2*u + 55, -2*z + 78 + 14 = -5*u. What is the units digit of z?
1
Suppose j - 1 = -0*j. Suppose 2*q - j = 9. Suppose -3*z + 4*m + 21 = m, q*z + 2*m - 35 = 0. What is the units digit of z?
7
Let g(d) = 4*d**3. Let p be g(2). Let j be 10/((2/4)/1). Let z = p - j. What is the units digit of z?
2
Let l(w) = -5*w + 2*w + 27*w**2 + 2*w + 0*w. Let h be l(-1). Let v = h + -12. What is the tens digit of v?
1
Let l(s) = 4*s**2 + 5. Let f be l(4). Let v = f - 21. What is the units digit of v?
8
Suppose p + 3 = 1. Let f = 3 + p. Let i = 12 - f. What is the tens digit of i?
1
Let j(g) = 3*g + 1. Let v be j(4). Suppose -7 - v = -2*y. What is the tens digit of y?
1
Let z(x) = -x**3 - 5*x**2 - 3*x - 4. What is the units digit of z(-5)?
1
Suppose c + 6*d - 3*d = 14, 3*c + 5*d - 30 = 0. Suppose -3*f + 2 = c. What is the units digit of 6*(3/(-6) - f)?
3
Suppose 6*y - 7*y - a = -74, -a = 5*y - 374. Suppose 68 = 4*w + 4*u - 0*u, 0 = 5*w + 3*u - y. What is the units digit of w?
2
Suppose 4 = l + 4*n, -5*l + 4*n = -n - 20. Suppose l*r = r. Suppose 3*a - a - 18 = r. What is the units digit of a?
9
Let y = -58 + 168. What is the units digit of y?
0
Suppose 44 = h - 99. What is the units digit of h?
3
Let f(d) = 2*d**2 + 6*d + 2. Let s be f(-4). Let g be 3/(-6) + s/4. Let m = g - -6. What is the units digit of m?
8
Let n(p) be the third derivative of -p**5/30 + 7*p**4/24 - 5*p**3/6 + p**2. Let c be n(4). Let f = -6 - c. What is the units digit of f?
3
Let r = 26 - -8. Let a = r + -19. What is the tens digit of a?
1
Let b = -3 + 13. What is the units digit of b?
0
Suppose -343 + 103 = -4*q. What is the tens digit of q?
6
Suppose 2*v + 28 = 242. What is the tens digit of v?
0
Let w be (6/9)/((-8)/(-60)). Let h(d) = -4*d**2 + 3*d + 5. Let o(m) = -7*m**2 + 7*m + 9. Let a(p) = w*h(p) - 3*o(p). What is the units digit of a(7)?
5
Let c(k) = k + 6. Let n(z) = z + 5. Let f(a) = -5*c(a) + 6*n(a). Let m be f(7). Suppose -m = -2*d - 3. What is the units digit of d?
2
Suppose -4*q - 3 = -3*h, -2*h + 22 = 3*h - q. Suppose -3 = -a + h. What is the units digit of a?
8
Let a be (-5 - 1 - -2)*-1. Let p = -11 + 21. Suppose 9*w = a*w + p. What is the units digit of w?
2
Let u be (-9)/(-3)*176/6. Suppose -5*c + u + 12 = 0. Suppose -2*g + 2*s = -6, -4*g - s - 3*s = -c. What is the units digit of g?
4
Let u = 12 + -1. Let m be (((-32)/(-5))/(-8))/(2/(-45)). Let d = m - u. What is the units digit of d?
7
Let b(i) be the first derivative of -i**3/3 + i**2/2 + 7*i - 2. Let v be b(0). Suppose q - 6 = k, 2*q - 2*k - 5 = v*q. What is the units digit of q?
1
Let j = -10 + 7. What is the tens digit of j + (3 - 19/(-1))?
1
Suppose 4*h = 4*f - 4, h + 5*f - 1 = -2. What is the units digit of (-6)/(0 - 2 - h)?
6
Let x = 44 - -42. What is the tens digit of x?
8
Let s be 3 - -16 - (6 - 3). Let y = s - 15. What is the units digit of y?
1
Let d be (48/(-8))/((-3)/2). Suppose w - 19 = -2*l, 2*l = -3*w + d*l + 33. What is the units digit of w?
3
Let w = 22 - -23. What is the units digit of w?
5
Let w be (6/4 - 2)*18. Let q be (-2)/3 + (-42)/w. Suppose 5*u = -3*n + 70, 6*u - u = -q*n + 65. What is the tens digit of u?
1
Let a be ((-2)/(-3))/(4/210). What is the units digit of (-4)/(-14) - (-445)/a?
3
Suppose -2*x + 28 = 12. Suppose d = -3*d + x. What is the units digit of (d + (3 - 4))*1?
1
Let o be (-8)/(-68) + (-3360)/(-51). Suppose 5*k - o = 109. What is the tens digit of k?
3
Let h(x) = -x**3 + 11*x**2 - 9*x - 2. Let i be h(10). What is the units digit of i/6*(-351)/(-18)?
6
Let o = 2 - 0. Let w(i) = -i**2 + 6*i - 3. Let n be w(o). Suppose 0 = f + n*a + 13, -5*a - 4 = 21. What is the tens digit of f?
1
What is the tens digit of -6*(210/(-4) + -1)?
2
Suppose u + 2 = -2*g - 2*g, -3*g = -5*u + 13. Suppose -y + 9 = u*y. Suppose -v + 3*j = -y*v + 32, 4*v = -5*j + 60. What is the tens digit of v?
1
Suppose 0 = b - 6*b - 35. Suppose 0*j = 2*j - 4*g + 42, 0 = g - 5. Let l = b - j. What is the units digit of l?
4
Let f(q) = 11*q - 18. What is the tens digit of f(10)?
9
Let f(w) = w**3 - w. Let c be f(0). Suppose c*b - 5*b = -190. What is the tens digit of b?
3
Let k(x) = x**3 - 7*x**2 - 8*x + 5. Let a(z) = -z + 6. Let t be a(-8). Let j = 22 - t. What is the units digit of k(j)?
5
Let g(y) = 0 + 2*y**3 + 7 - 2*y - 5*y**2 - 3*y. What is the units digit of g(4)?
5
Let t be (2/(-6))/(2/6). What is the units digit of (t - (-3)/(-6))*-2?
3
Suppose 4*r = -5*g + 32, -3*g - 5*r + 23 = -g. Suppose -5 = -g*o + 3. What is the units digit of 1*(-1)/o*-10?
5
Suppose -4*n + 18 = -2*x, 16 = -5*x - 4*n - 1. Let v(t) = t**2 + 4*t + 1. What is the units digit of v(x)?
6
Suppose 0 = o + 3*o - 2*l - 194, 179 = 4*o + 3*l. What is the units digit of o?
7
Let z be 3*(0 - (-6)/9). Let a = z - -9. What is the units digit of a?
1
Suppose 5*s - 25 + 10 = 0. Suppose -5*b = -s*p - 22, -p - 48 = 3*p - 2*b. Let a = p + 24. What is the tens digit of a?
1
What is the units digit of 35/3 + (-12)/(-9)?
3
Let l(j) = -5*j**3 - 2*j**2 - j - 2. What is the tens digit of l(-2)?
3
Let m(h) = -30*h - 67. What is the hundreds digit of m(-8)?
1
Suppose 4*c + 157 = 13. Let t = c - -77. What is the tens digit of t?
4
Let t = 9 + 30. Suppose 0*q = -q + t. What is the units digit of q?
9
Suppose 4*x = 2*o - 135 + 5, 5*o + 5*x = 295. What is the tens digit of o?
6
Let z = 141 + -76. What is the units digit of z?
5
Suppose 5*y + p = 23, 5*y + 1 = -2*p + 22. Suppose y = 3*n - 7. What is the units digit of n?
4
Let f = -7 - -9. What is the tens digit of f*13/4*2?
1
Let d = -81 + 149. What is the tens digit of d?
6
Suppose -24 = -2*h + 54. What is the units digit of h?
9
Let d(g) = g**2 - g - 2. Let f be d(3). Suppose 5*j + f = j. Let u = 2 - j. What is the units digit of u?
3
Let r(k) = k**2 + 8*k + 2. What is the tens digit of r(-11)?
3
Let z(w) = 4*w**2 - 7*w + 5. What is the tens digit of z(4)?
4
Suppose -4*z + z - 15 = 0. Let u(v) = -v**3 + 4*v**2 + v - 4. Let q be u(3). Let d = z + q. What is the units digit of d?
3
Suppose l + 1 - 4 = 0. Suppose 12 = l*g + 5*k - k, 0 = 3*k. What is the units digit of g?
4
Suppose 4*h + 3*c + 112 = 2*c, c + 4 = 0. Let x = 66 + h. What is the tens digit of x?
3
Suppose -13*h + 12*h + 34 = 0. What is the tens digi